nder when 7059 is divided by 15.
9
What is the remainder when 642 is divided by 293?
56
Calculate the remainder when 73 is divided by 39.
34
Calculate the remainder when 289 is divided by 71.
5
Calculate the remainder when 515 is divided by 175.
165
Calculate the remainder when 641 is divided by 313.
15
Calculate the remainder when 261 is divided by 21.
9
What is the remainder when 213 is divided by 17?
9
Calculate the remainder when 181 is divided by 23.
20
What is the remainder when 10 is divided by 3?
1
Calculate the remainder when 624 is divided by 160.
144
What is the remainder when 2798 is divided by 36?
26
What is the remainder when 481 is divided by 21?
19
Calculate the remainder when 51 is divided by 8.
3
What is the remainder when 1026 is divided by 991?
35
What is the remainder when 1142 is divided by 12?
2
Calculate the remainder when 1238 is divided by 62.
60
What is the remainder when 638 is divided by 25?
13
Calculate the remainder when 458 is divided by 179.
100
Calculate the remainder when 397 is divided by 40.
37
Calculate the remainder when 62 is divided by 21.
20
What is the remainder when 287 is divided by 9?
8
What is the remainder when 340 is divided by 25?
15
What is the remainder when 124 is divided by 21?
19
Calculate the remainder when 256 is divided by 44.
36
Calculate the remainder when 75 is divided by 51.
24
Calculate the remainder when 268 is divided by 16.
12
Calculate the remainder when 549 is divided by 25.
24
Calculate the remainder when 5313 is divided by 4.
1
Calculate the remainder when 144 is divided by 13.
1
Calculate the remainder when 609 is divided by 12.
9
Calculate the remainder when 494 is divided by 33.
32
Calculate the remainder when 225 is divided by 5.
0
What is the remainder when 1218 is divided by 34?
28
What is the remainder when 535 is divided by 253?
29
What is the remainder when 525 is divided by 44?
41
What is the remainder when 353 is divided by 79?
37
Calculate the remainder when 26485 is divided by 109.
107
What is the remainder when 29 is divided by 4?
1
Calculate the remainder when 356 is divided by 72.
68
What is the remainder when 416 is divided by 156?
104
What is the remainder when 494 is divided by 34?
18
What is the remainder when 825 is divided by 46?
43
Calculate the remainder when 169 is divided by 29.
24
What is the remainder when 243 is divided by 123?
120
What is the remainder when 321 is divided by 54?
51
Calculate the remainder when 852 is divided by 36.
24
Calculate the remainder when 530 is divided by 201.
128
Calculate the remainder when 57 is divided by 4.
1
Calculate the remainder when 906 is divided by 18.
6
What is the remainder when 72 is divided by 20?
12
Calculate the remainder when 1018 is divided by 92.
6
Calculate the remainder when 95 is divided by 49.
46
Calculate the remainder when 1544 is divided by 119.
116
Calculate the remainder when 130 is divided by 68.
62
What is the remainder when 127 is divided by 31?
3
Calculate the remainder when 832 is divided by 139.
137
What is the remainder when 5161 is divided by 89?
88
Calculate the remainder when 575 is divided by 558.
17
Calculate the remainder when 63805 is divided by 61.
60
Calculate the remainder when 121 is divided by 57.
7
Calculate the remainder when 35323 is divided by 75.
73
What is the remainder when 1624 is divided by 85?
9
Calculate the remainder when 198 is divided by 102.
96
Calculate the remainder when 524 is divided by 66.
62
Calculate the remainder when 119 is divided by 25.
19
Calculate the remainder when 525 is divided by 24.
21
What is the remainder when 692 is divided by 33?
32
Calculate the remainder when 5119 is divided by 41.
35
Calculate the remainder when 21247 is divided by 506.
501
Calculate the remainder when 4012 is divided by 82.
76
Calculate the remainder when 1633 is divided by 164.
157
Calculate the remainder when 6762 is divided by 11.
8
Calculate the remainder when 426 is divided by 16.
10
What is the remainder when 770 is divided by 84?
14
What is the remainder when 2438 is divided by 8?
6
Calculate the remainder when 2839 is divided by 14.
11
What is the remainder when 120 is divided by 118?
2
What is the remainder when 1078 is divided by 27?
25
What is the remainder when 210 is divided by 61?
27
What is the remainder when 1039 is divided by 16?
15
Calculate the remainder when 2232 is divided by 15.
12
Calculate the remainder when 557 is divided by 24.
5
What is the remainder when 21 is divided by 13?
8
What is the remainder when 1817 is divided by 14?
11
Calculate the remainder when 18643 is divided by 28.
23
What is the remainder when 242 is divided by 8?
2
Calculate the remainder when 502 is divided by 170.
162
Calculate the remainder when 2423 is divided by 267.
20
What is the remainder when 1525 is divided by 90?
85
Calculate the remainder when 1115 is divided by 62.
61
What is the remainder when 59 is divided by 21?
17
Calculate the remainder when 436 is divided by 128.
52
Calculate the remainder when 133 is divided by 67.
66
What is the remainder when 6583 is divided by 169?
161
What is the remainder when 264 is divided by 71?
51
What is the remainder when 1462 is divided by 1441?
21
Calculate the remainder when 29 is divided by 9.
2
What is the remainder when 2483 is divided by 1234?
15
Calculate the remainder when 118 is divided by 36.
10
What is the remainder when 144 is divided by 29?
28
Calculate the remainder when 19 is divided by 2.
1
What is the remainder when 1587 is divided by 792?
3
What is the remainder when 231 is divided by 33?
0
What is the remainder when 286 is divided by 29?
25
What is the remainder when 837 is divided by 84?
81
What is the remainder when 477 is divided by 129?
90
What is the remainder when 81 is divided by 41?
40
What is the remainder when 192 is divided by 53?
33
What is the remainder when 610 is divided by 145?
30
Calculate the remainder when 46 is divided by 26.
20
What is the remainder when 17566 is divided by 288?
286
What is the remainder when 157 is divided by 53?
51
What is the remainder when 851 is divided by 29?
10
What is the remainder when 1028 is divided by 3?
2
What is the remainder when 2189 is divided by 201?
179
Calculate the remainder when 473 is divided by 148.
29
Calculate the remainder when 947 is divided by 10.
7
Calculate the remainder when 23 is divided by 15.
8
Calculate the remainder when 89 is divided by 18.
17
What is the remainder when 1261 is divided by 627?
7
What is the remainder when 389 is divided by 22?
15
What is the remainder when 2207 is divided by 17?
14
What is the remainder when 645 is divided by 24?
21
Calculate the remainder when 211 is divided by 22.
13
What is the remainder when 371 is divided by 15?
11
Calculate the remainder when 134 is divided by 29.
18
What is the remainder when 453 is divided by 105?
33
Calculate the remainder when 40467 is divided by 11.
9
Calculate the remainder when 194 is divided by 22.
18
What is the remainder when 367 is divided by 95?
82
Calculate the remainder when 503 is divided by 12.
11
Calculate the remainder when 2093 is divided by 303.
275
What is the remainder when 64 is divided by 48?
16
Calculate the remainder when 1920 is divided by 17.
16
What is the remainder when 74 is divided by 13?
9
What is the remainder when 968 is divided by 108?
104
Calculate the remainder when 213 is divided by 155.
58
What is the remainder when 831 is divided by 26?
25
Calculate the remainder when 14997 is divided by 4995.
12
What is the remainder when 1099 is divided by 277?
268
What is the remainder when 39 is divided by 6?
3
Calculate the remainder when 4115 is divided by 1366.
17
Calculate the remainder when 42 is divided by 30.
12
Calculate the remainder when 840 is divided by 46.
12
What is the remainder when 544 is divided by 78?
76
What is the remainder when 175 is divided by 94?
81
What is the remainder when 788 is divided by 61?
56
What is the remainder when 172 is divided by 42?
4
What is the remainder when 3023 is divided by 18?
17
Calculate the remainder when 46 is divided by 27.
19
What is the remainder when 2614 is divided by 24?
22
What is the remainder when 52 is divided by 36?
16
Calculate the remainder when 516 is divided by 37.
35
Calcul